{"id":210,"date":"2020-11-04T00:17:25","date_gmt":"2020-11-04T00:17:25","guid":{"rendered":"https:\/\/themes.getmotopress.com\/albatross\/?page_id=210"},"modified":"2024-05-22T18:08:27","modified_gmt":"2024-05-22T18:08:27","slug":"about","status":"publish","type":"page","link":"https:\/\/pacoanha.com\/website\/about\/","title":{"rendered":"A Hist\u00f3ria do Pa\u00e7o"},"content":{"rendered":"\t\t<div data-elementor-type=\"wp-page\" data-elementor-id=\"210\" class=\"elementor elementor-210\">\n\t\t\t\t\t\t<section class=\"elementor-section elementor-top-section elementor-element elementor-element-b738728 elementor-section-boxed elementor-section-height-default elementor-section-height-default\" data-id=\"b738728\" data-element_type=\"section\">\n\t\t\t\t\t\t<div class=\"elementor-container elementor-column-gap-default\">\n\t\t\t\t\t<div class=\"elementor-column elementor-col-50 elementor-top-column elementor-element elementor-element-3a1dacf\" data-id=\"3a1dacf\" data-element_type=\"column\">\n\t\t\t<div class=\"elementor-widget-wrap elementor-element-populated\">\n\t\t\t\t\t\t<div class=\"elementor-element elementor-element-289d431 elementor-widget__width-initial elementor-widget elementor-widget-image\" data-id=\"289d431\" data-element_type=\"widget\" data-widget_type=\"image.default\">\n\t\t\t\t<div class=\"elementor-widget-container\">\n\t\t\t\t\t\t\t\t\t\t\t\t\t<img fetchpriority=\"high\" decoding=\"async\" width=\"1400\" height=\"600\" src=\"https:\/\/pacoanha.com\/website\/wp-content\/uploads\/2024\/02\/entradapacoanha-1.jpg\" class=\"attachment-full size-full wp-image-432\" alt=\"\" srcset=\"https:\/\/pacoanha.com\/website\/wp-content\/uploads\/2024\/02\/entradapacoanha-1.jpg 1400w, https:\/\/pacoanha.com\/website\/wp-content\/uploads\/2024\/02\/entradapacoanha-1-600x257.jpg 600w, https:\/\/pacoanha.com\/website\/wp-content\/uploads\/2024\/02\/entradapacoanha-1-300x129.jpg 300w, https:\/\/pacoanha.com\/website\/wp-content\/uploads\/2024\/02\/entradapacoanha-1-1024x439.jpg 1024w, https:\/\/pacoanha.com\/website\/wp-content\/uploads\/2024\/02\/entradapacoanha-1-768x329.jpg 768w, https:\/\/pacoanha.com\/website\/wp-content\/uploads\/2024\/02\/entradapacoanha-1-500x214.jpg 500w\" sizes=\"(max-width: 1400px) 100vw, 1400px\" \/>\t\t\t\t\t\t\t\t\t\t\t\t\t<\/div>\n\t\t\t\t<\/div>\n\t\t\t\t\t<\/div>\n\t\t<\/div>\n\t\t\t\t<div class=\"elementor-column elementor-col-50 elementor-top-column elementor-element elementor-element-5f6f1d3\" data-id=\"5f6f1d3\" data-element_type=\"column\">\n\t\t\t<div class=\"elementor-widget-wrap elementor-element-populated\">\n\t\t\t\t\t\t<div class=\"elementor-element elementor-element-fbf341b elementor-drop-cap-yes elementor-drop-cap-view-default elementor-widget elementor-widget-text-editor\" data-id=\"fbf341b\" data-element_type=\"widget\" data-settings=\"{&quot;drop_cap&quot;:&quot;yes&quot;}\" data-widget_type=\"text-editor.default\">\n\t\t\t\t<div class=\"elementor-widget-container\">\n\t\t\t\t\t\t\t<p><b><span data-contrast=\"none\">\u00a0<\/span><\/b><\/p><p><b><span data-contrast=\"none\">\u00a0<\/span><\/b><\/p><h2><b><span data-contrast=\"none\">DA CASA DE BRAGAN\u00c7A \u00c0 FAM\u00cdLIA ALPUIM<\/span><\/b><span data-ccp-props=\"{&quot;201341983&quot;:0,&quot;335551550&quot;:6,&quot;335551620&quot;:6,&quot;335557856&quot;:16777215,&quot;335559739&quot;:0,&quot;335559740&quot;:240}\"> &#8211; <\/span><b><span data-contrast=\"none\">500 ANOS DE HIST\u00d3RIA<\/span><\/b><span data-ccp-props=\"{&quot;201341983&quot;:0,&quot;335551550&quot;:6,&quot;335551620&quot;:6,&quot;335557856&quot;:16777215,&quot;335559739&quot;:0,&quot;335559740&quot;:240}\">\u00a0<\/span><\/h2>\t\t\t\t\t\t<\/div>\n\t\t\t\t<\/div>\n\t\t\t\t<div class=\"elementor-element elementor-element-9113c74 elementor-widget elementor-widget-text-editor\" data-id=\"9113c74\" data-element_type=\"widget\" data-widget_type=\"text-editor.default\">\n\t\t\t\t<div class=\"elementor-widget-container\">\n\t\t\t\t\t\t\t\t\t\t\t\t\t<\/div>\n\t\t\t\t<\/div>\n\t\t\t\t\t<\/div>\n\t\t<\/div>\n\t\t\t\t\t<\/div>\n\t\t<\/section>\n\t\t\t\t<section class=\"elementor-section elementor-top-section elementor-element elementor-element-00ba7d3 elementor-section-boxed elementor-section-height-default elementor-section-height-default\" data-id=\"00ba7d3\" data-element_type=\"section\">\n\t\t\t\t\t\t<div class=\"elementor-container elementor-column-gap-default\">\n\t\t\t\t\t<div class=\"elementor-column elementor-col-100 elementor-top-column elementor-element elementor-element-bb12497\" data-id=\"bb12497\" data-element_type=\"column\">\n\t\t\t<div class=\"elementor-widget-wrap elementor-element-populated\">\n\t\t\t\t\t\t<div class=\"elementor-element elementor-element-49ec368 elementor-widget elementor-widget-text-editor\" data-id=\"49ec368\" data-element_type=\"widget\" data-widget_type=\"text-editor.default\">\n\t\t\t\t<div class=\"elementor-widget-container\">\n\t\t\t\t\t\t\t<p style=\"font-size: 16px; font-family: 'Open Sans'; font-weight: 400; color: #5c5c5c; font-style: normal;\">A Quinta do Pa\u00e7o d&#8217;Anha situa-se nas hist\u00f3ricas &#8220;Terras de Neiva&#8221; entre os rios Lima e Neiva, que pertenceram ao Rei D. Jo\u00e3o I, que reinou em Portugal de 1385 a 1433. Quando em 1401, o seu filho D. Afonso casou com D. Brites, recebeu como dote de noivado as &#8220;Terras de Neiva e Darque&#8221;. Mais tarde, D. Afonso, j\u00e1 8\u00ba Conde de Barcelos, foi feito 1\u00ba Duque de Bragan\u00e7a pelo Rei, passando, por essa raz\u00e3o, as &#8220;Terras de Neiva e Darque&#8221; a fazer parte do patrim\u00f3nio da Casa de Bragan\u00e7a. \u00c9 por isso que, dentro da Quinta, se podem encontrar as armas dos Duques de Bragan\u00e7a em tr\u00eas marcos que dividiam as freguesias de Anha e Darque.<br \/>Por volta de 1503, o 4\u00ba Duque de Bragan\u00e7a, D. Jaime, era o senhor destas terras quando Vicente Ferreira, criado da casa ducal, casou com uma das damas da duquesa e recebeu a Quinta de Anha como dote. Assim, come\u00e7ou o processo que define o atual estatuto do Pa\u00e7o d&#8217;Anha.<br \/>Em 1580, quando Ant\u00f3nio Gon\u00e7alves Cabe\u00e7as era o senhor da Quinta, Portugal vivia uma crise sucess\u00f3ria. D. Ant\u00f3nio, Prior do Crato, foi aclamado Rei de Portugal em Santar\u00e9m e, a 8 de agosto, pelo Senado de Viana. A 25 de agosto, foi derrotado na batalha de Alc\u00e2ntara e fugiu para o Norte, onde a popula\u00e7\u00e3o local o acolheu. Esteve no Pa\u00e7o d&#8217;Anha cerca de 20 dias, sendo a\u00ed recebido com grandes honras, raz\u00e3o pela qual a casa passou a ser conhecida como Pa\u00e7o d&#8217;Anha, &#8220;Pa\u00e7o&#8221; significando o pal\u00e1cio de um rei.<br \/>Nessa altura, Maria Ferreira &#8211; filha de Ant\u00f3nio Gon\u00e7alves Cabe\u00e7as e tetraneta de Vicente Ferreira a quem a Quinta de Anha tinha sido doada &#8211; casou com Miguel d&#8217;Agorreta, passando a propriedade para a fam\u00edlia Agorreta e estabelecendo liga\u00e7\u00f5es hist\u00f3ricas com os atuais propriet\u00e1rios do Pa\u00e7o de Anha. Em 1861, um descendente deste casal, C\u00e2ndido d&#8217;Agorreta Pereira de Miranda, casou com Maria Augusta de S\u00e1 Coutinho, e a filha deles, Maria Augusta d&#8217;Agorreta de S\u00e1 Coutinho casou com Jos\u00e9 de Alpuim da Silva e Sousa Meneses em 1884. Atrav\u00e9s deste casamento, a propriedade passou para a posse da fam\u00edlia Alpuim.<\/p>\t\t\t\t\t\t<\/div>\n\t\t\t\t<\/div>\n\t\t\t\t\t<\/div>\n\t\t<\/div>\n\t\t\t\t\t<\/div>\n\t\t<\/section>\n\t\t\t\t<section class=\"elementor-section elementor-top-section elementor-element elementor-element-5d8426f elementor-section-boxed elementor-section-height-default elementor-section-height-default\" data-id=\"5d8426f\" data-element_type=\"section\">\n\t\t\t\t\t\t<div class=\"elementor-container elementor-column-gap-default\">\n\t\t\t\t\t<div class=\"elementor-column elementor-col-100 elementor-top-column elementor-element elementor-element-6018175\" data-id=\"6018175\" data-element_type=\"column\">\n\t\t\t<div class=\"elementor-widget-wrap elementor-element-populated\">\n\t\t\t\t\t\t<div class=\"elementor-element elementor-element-8f9dc75 elementor-widget elementor-widget-image\" data-id=\"8f9dc75\" data-element_type=\"widget\" data-widget_type=\"image.default\">\n\t\t\t\t<div class=\"elementor-widget-container\">\n\t\t\t\t\t\t\t\t\t\t\t\t\t<img decoding=\"async\" width=\"1400\" height=\"600\" src=\"https:\/\/pacoanha.com\/website\/wp-content\/uploads\/2024\/02\/historia4.jpg\" class=\"attachment-full size-full wp-image-635\" alt=\"\" srcset=\"https:\/\/pacoanha.com\/website\/wp-content\/uploads\/2024\/02\/historia4.jpg 1400w, https:\/\/pacoanha.com\/website\/wp-content\/uploads\/2024\/02\/historia4-600x257.jpg 600w, https:\/\/pacoanha.com\/website\/wp-content\/uploads\/2024\/02\/historia4-300x129.jpg 300w, https:\/\/pacoanha.com\/website\/wp-content\/uploads\/2024\/02\/historia4-1024x439.jpg 1024w, https:\/\/pacoanha.com\/website\/wp-content\/uploads\/2024\/02\/historia4-768x329.jpg 768w, https:\/\/pacoanha.com\/website\/wp-content\/uploads\/2024\/02\/historia4-233x100.jpg 233w, https:\/\/pacoanha.com\/website\/wp-content\/uploads\/2024\/02\/historia4-187x80.jpg 187w, https:\/\/pacoanha.com\/website\/wp-content\/uploads\/2024\/02\/historia4-394x169.jpg 394w, https:\/\/pacoanha.com\/website\/wp-content\/uploads\/2024\/02\/historia4-915x392.jpg 915w, https:\/\/pacoanha.com\/website\/wp-content\/uploads\/2024\/02\/historia4-1240x531.jpg 1240w\" sizes=\"(max-width: 1400px) 100vw, 1400px\" \/>\t\t\t\t\t\t\t\t\t\t\t\t\t<\/div>\n\t\t\t\t<\/div>\n\t\t\t\t\t<\/div>\n\t\t<\/div>\n\t\t\t\t\t<\/div>\n\t\t<\/section>\n\t\t\t\t<section class=\"elementor-section elementor-top-section elementor-element elementor-element-bde73ac elementor-section-boxed elementor-section-height-default elementor-section-height-default\" data-id=\"bde73ac\" data-element_type=\"section\">\n\t\t\t\t\t\t<div class=\"elementor-container elementor-column-gap-default\">\n\t\t\t\t\t<div class=\"elementor-column elementor-col-100 elementor-top-column elementor-element elementor-element-4bb6fb9\" data-id=\"4bb6fb9\" data-element_type=\"column\">\n\t\t\t<div class=\"elementor-widget-wrap elementor-element-populated\">\n\t\t\t\t\t\t<div class=\"elementor-element elementor-element-d10612b elementor-fixed elementor-widget elementor-widget-image\" data-id=\"d10612b\" data-element_type=\"widget\" data-settings=\"{&quot;_position&quot;:&quot;fixed&quot;}\" data-widget_type=\"image.default\">\n\t\t\t\t<div class=\"elementor-widget-container\">\n\t\t\t\t\t\t\t\t\t\t\t\t\t<img decoding=\"async\" width=\"1024\" height=\"73\" src=\"https:\/\/pacoanha.com\/website\/wp-content\/uploads\/2024\/05\/LOGOS-SITE-TRANSPARENCY-1024x73.png\" class=\"attachment-large size-large wp-image-952\" alt=\"\" srcset=\"https:\/\/pacoanha.com\/website\/wp-content\/uploads\/2024\/05\/LOGOS-SITE-TRANSPARENCY-1024x73.png 1024w, https:\/\/pacoanha.com\/website\/wp-content\/uploads\/2024\/05\/LOGOS-SITE-TRANSPARENCY-600x43.png 600w, https:\/\/pacoanha.com\/website\/wp-content\/uploads\/2024\/05\/LOGOS-SITE-TRANSPARENCY-300x22.png 300w, https:\/\/pacoanha.com\/website\/wp-content\/uploads\/2024\/05\/LOGOS-SITE-TRANSPARENCY-768x55.png 768w, https:\/\/pacoanha.com\/website\/wp-content\/uploads\/2024\/05\/LOGOS-SITE-TRANSPARENCY-1536x110.png 1536w, https:\/\/pacoanha.com\/website\/wp-content\/uploads\/2024\/05\/LOGOS-SITE-TRANSPARENCY-2048x147.png 2048w, https:\/\/pacoanha.com\/website\/wp-content\/uploads\/2024\/05\/LOGOS-SITE-TRANSPARENCY-1395x100.png 1395w, https:\/\/pacoanha.com\/website\/wp-content\/uploads\/2024\/05\/LOGOS-SITE-TRANSPARENCY-1116x80.png 1116w, https:\/\/pacoanha.com\/website\/wp-content\/uploads\/2024\/05\/LOGOS-SITE-TRANSPARENCY-394x28.png 394w, https:\/\/pacoanha.com\/website\/wp-content\/uploads\/2024\/05\/LOGOS-SITE-TRANSPARENCY-915x66.png 915w, https:\/\/pacoanha.com\/website\/wp-content\/uploads\/2024\/05\/LOGOS-SITE-TRANSPARENCY-1240x89.png 1240w, https:\/\/pacoanha.com\/website\/wp-content\/uploads\/2024\/05\/LOGOS-SITE-TRANSPARENCY-1920x138.png 1920w\" sizes=\"(max-width: 1024px) 100vw, 1024px\" \/>\t\t\t\t\t\t\t\t\t\t\t\t\t<\/div>\n\t\t\t\t<\/div>\n\t\t\t\t\t<\/div>\n\t\t<\/div>\n\t\t\t\t\t<\/div>\n\t\t<\/section>\n\t\t\t\t<\/div>\n\t\t","protected":false},"excerpt":{"rendered":"<p>The Hotel Albatross is the right choice for visitors who are searching for a combination of charm, peace, quiet and a convenient position from where to explore surroundings. &hellip; <a href=\"https:\/\/pacoanha.com\/website\/about\/\">Read More<\/a><\/p>\n","protected":false},"author":1,"featured_media":211,"parent":0,"menu_order":0,"comment_status":"closed","ping_status":"closed","template":"","meta":{"footnotes":""},"class_list":["post-210","page","type-page","status-publish","has-post-thumbnail","hentry"],"_links":{"self":[{"href":"https:\/\/pacoanha.com\/website\/wp-json\/wp\/v2\/pages\/210","targetHints":{"allow":["GET"]}}],"collection":[{"href":"https:\/\/pacoanha.com\/website\/wp-json\/wp\/v2\/pages"}],"about":[{"href":"https:\/\/pacoanha.com\/website\/wp-json\/wp\/v2\/types\/page"}],"author":[{"embeddable":true,"href":"https:\/\/pacoanha.com\/website\/wp-json\/wp\/v2\/users\/1"}],"replies":[{"embeddable":true,"href":"https:\/\/pacoanha.com\/website\/wp-json\/wp\/v2\/comments?post=210"}],"version-history":[{"count":23,"href":"https:\/\/pacoanha.com\/website\/wp-json\/wp\/v2\/pages\/210\/revisions"}],"predecessor-version":[{"id":967,"href":"https:\/\/pacoanha.com\/website\/wp-json\/wp\/v2\/pages\/210\/revisions\/967"}],"wp:featuredmedia":[{"embeddable":true,"href":"https:\/\/pacoanha.com\/website\/wp-json\/wp\/v2\/media\/211"}],"wp:attachment":[{"href":"https:\/\/pacoanha.com\/website\/wp-json\/wp\/v2\/media?parent=210"}],"curies":[{"name":"wp","href":"https:\/\/api.w.org\/{rel}","templated":true}]}}